i) = 2*i**3 + 4*i**2 - 31*i + 249. What are the prime factors of a(7)?
2, 457
Let y be 135/25*(6 + -1). Suppose -c + 21 - y = 0. What are the prime factors of 80 + (-3)/c*-2?
79
List the prime factors of 861115/105 + (-18)/189 - -7.
2, 3, 19
Let r = -5794 + 14149. List the prime factors of r.
3, 5, 557
Suppose -6*a = -4*a - 12964. Suppose 9*g - 52 = a. Suppose o + u = 121, 101 = -5*o + 5*u + g. List the prime factors of o.
3, 41
Let u(y) = 3*y**2 + 10*y - 14. Let b be u(16). Let l = 1509 - b. List the prime factors of l.
5, 7, 17
Suppose -3*x + 4*g + 2842 = -2267, 5*x - 3*g - 8504 = 0. Let n = x + -1058. List the prime factors of n.
641
Suppose n = 5*v - 287211, -4*v + 3*n - 128037 = -357819. List the prime factors of v.
3, 41, 467
Let t be (-22)/(-55) + 6388/5. Suppose 0 = -2*j + 2*v + t, j + 2*j + 3*v - 1887 = 0. What are the prime factors of j?
2, 317
Suppose 4*w - 10 = -3*k, 0 = 39*w - 43*w + 4. Suppose -5*q - z + 171 = 0, -k*q - z + 2*z = -67. What are the prime factors of q?
2, 17
Let t(m) be the second derivative of -1/3*m**4 + 19*m - 1/20*m**5 + 3*m**2 + 0 + 5/3*m**3. List the prime factors of t(-7).
83
Let o = 6349 + -2718. List the prime factors of o.
3631
Suppose -45 = 5*x, 5*b + 28*x - 31*x - 4857 = 0. What are the prime factors of b?
2, 3, 7, 23
Let g be (-3)/(-2)*(-28)/(-42)*1. What are the prime factors of 42 - 42 - (g - 42)?
41
What are the prime factors of ((-52)/(-13)*1049/4)/((-7)/(-189))?
3, 1049
Let r = 228 + -224. Suppose r*d = 3*j - 2574, -d + 2 = -1. List the prime factors of j.
2, 431
Let b(x) = 11*x + 571. Let r be b(0). Let p = -275 + r. What are the prime factors of p?
2, 37
Suppose -5*n = 3*o - 2668, 647*o = 652*o + n - 4410. What are the prime factors of o?
881
Let d = -590 + 2017. Suppose 2*a = 4*a + 8, -2*a + d = 5*v. List the prime factors of v.
7, 41
Suppose 0 = -5*u + 482 - 152. Let j = u + -61. Suppose -220 = h - j*h - 4*p, -4*h - p + 229 = 0. What are the prime factors of h?
2, 29
Suppose -30*u - 24*u + 345 = -1599. Let m be (2 - 0)*303/2. Suppose u - m = -l. What are the prime factors of l?
3, 89
Suppose 2*p = 203 - 207. List the prime factors of (((-108)/8)/(-3))/(p/(-584)).
2, 3, 73
Let n(u) = -110*u - 269. Let w be n(-15). Suppose 4*h = -g + w, -29*h - 4179 = -3*g - 32*h. List the prime factors of g.
11, 127
Suppose -675861 = -97*i + 744413. What are the prime factors of i?
2, 7321
Suppose -25*f - 36*f = -11*f - 975650. What are the prime factors of f?
13, 19, 79
Let q = -688 - -693. Suppose q*l - 1597 = 17*d - 19*d, -3139 = -4*d + l. List the prime factors of d.
2, 3, 131
Let c be 3 + 1 + 1 + -49. Let k be 398/2 - c/11. Suppose -k = -4*g - a, -2*g + 3*a - 109 = -4*g. What are the prime factors of g?
2, 5
Suppose 25692 = z + 3*y, -4*z = 1777*y - 1773*y - 102800. What are the prime factors of z?
2, 3, 7, 17
Suppose 0 = 10*o + 312949 + 536971. List the prime factors of 4/22 + (o/88)/(-1).
2, 3, 7, 23
Suppose i - 175 = -4*i. Let x be (-1 - -4)/(12/144). Suppose -i = -b + x. What are the prime factors of b?
71
Suppose 41*p = -45*p - 29398 + 485628. List the prime factors of p.
5, 1061
Suppose -6*c = -327 - 375. Suppose 10*j - c = 8333. List the prime factors of j.
5, 13
Let z(x) = 8*x - 3. Let r be z(1). Suppose 0 = 4*g + r*j - 1112, -3*g - 4*j + 827 = -2*j. List the prime factors of g.
3, 7, 13
Suppose 11 = 3*t - 2*k, 44 = t + 5*k + 46. Suppose 4*x - 3700 = t*w, -3*x - 3*w + 2775 = w. List the prime factors of x.
5, 37
Let q = -17192 + 31646. List the prime factors of q.
2, 3, 11, 73
Let l be (10/(-60))/((-2)/12). Let o be (1 + l)/(2/(273 + 5)). Suppose 6*r + 3*h = 2*r + 556, -o = -2*r - h. What are the prime factors of r?
139
Let j(k) = k**3 - 11*k**2 - 16*k + 34. Let u be j(12). List the prime factors of (u - -822) + 5/(-1).
11, 73
Let b(s) = -14679*s + 219. List the prime factors of b(-1).
2, 3, 13, 191
Let j(v) = 99*v**3 - 24*v**2 - 71*v + 417. What are the prime factors of j(9)?
3, 5, 13, 359
Suppose -95 = 5*s - 4*d - 46350, -4*d = s - 9275. What are the prime factors of s?
3, 5, 617
Let x be (6/(-4) - 0)/(93/(-434)). Suppose -z = -x*f + 2*f - 161, 0 = 3*f - 9. What are the prime factors of z?
2, 11
Let g = -64 - -140. Let u be g*17 + 2/2. What are the prime factors of 2/5 - (-1 - u/5)?
2, 5, 13
Let l(j) = 3*j + 141. Let n be l(-46). Suppose -430 = -n*o - p + 1141, -o + 521 = p. List the prime factors of o.
3, 5, 7
Suppose 2*l + 2711 = 6*c + 15347, 12628 = 2*l - 2*c. What are the prime factors of l?
2, 3, 263
Suppose 110 = -3*y - 4*f, 0 = 3*y + 2*f + 49 + 57. Let m be y*((-9)/27 - 154/(-12)). What are the prime factors of m/(-9) + -4*2/36?
47
Let r = -14870 + 31659. List the prime factors of r.
103, 163
Let h(r) = -r**3 + 10*r**2 + 20*r + 54. Let i be h(12). List the prime factors of (-40960)/(-96)*i/5.
2
Suppose 0 = 4*h + 3*x - 791, -5*h - 11*x + 995 = -6*x. Suppose -1694 - h = -4*v. List the prime factors of v.
2, 59
Suppose -3*r = b - 23, 34 = 2*b - 0*b + 3*r. Let j = b - 14. List the prime factors of 1/2*(2 + 473 + j).
2, 59
Let f be (-2)/((-28)/(-182) + (-21)/52). Suppose -23 + 119 = f*q. What are the prime factors of q?
2, 3
Let a(h) = 3*h**2 + 12*h + 10. Let r(f) = f**2 + f - 1. Suppose 0 = -4*u - 9 + 5. Let w(o) = u*a(o) + 5*r(o). What are the prime factors of w(8)?
3, 19
Suppose 2366 = 11*a - 43350. List the prime factors of (18/15)/3 + a/10.
2, 13
Let y(o) = 2*o**3 + 96*o**2 - 204*o + 14. What are the prime factors of y(-45)?
2, 23, 29
Let x(m) = 264*m**2 - 34*m - 61. List the prime factors of x(-2).
1063
Let v = 2542 - -3661. List the prime factors of v.
6203
What are the prime factors of 19969508/806 - (0 - ((-33)/31 + 1))?
2, 19, 163
Let q(u) = -309*u**3 + 10*u**2 + 89*u + 145. What are the prime factors of q(-2)?
37, 67
Let z(d) = 5*d**2 - 29*d - 70. List the prime factors of z(14).
2, 3, 7
Suppose 2*g - 48 = -6*g. List the prime factors of 3/g + 2691/6.
449
Let h(s) be the second derivative of s**4/12 - 8*s**3/3 + 45*s**2/2 + 19*s - 1. List the prime factors of h(20).
5
Let x be (0 + -1 - 61)/((-6)/237). Suppose 13*m - 5494 = x. Let h = -436 + m. What are the prime factors of h?
5, 7
Suppose -526 - 2210 = 6*g. Let v = -310 - g. What are the prime factors of v?
2, 73
Suppose 2*w + 71665 = 4*a - 79433, -5*w = 4*a - 151091. What are the prime factors of a?
2, 11, 17, 101
What are the prime factors of 54/(19 + -10) - (-7795 - 3)?
2, 1951
Suppose -4*n + 8 = -c, 0 = 2*c - 3*c - 4. Let m be ((-262)/8)/(n/(-4)). Suppose -2*r + m = -21. List the prime factors of r.
2, 19
Let u = -63 + 63. Suppose -j + 13*j - 1740 = u. Let r = j + -70. What are the prime factors of r?
3, 5
Suppose -1020 = -11*v - 6*v. What are the prime factors of 88/2*69*10/v?
2, 11, 23
Suppose -4*k + 4*u = -32, 4*k + 0*u + 5*u - 14 = 0. Suppose 186 + 4644 = k*h. List the prime factors of h.
5, 7, 23
Let g = 172 + -122. What are the prime factors of (651 - 0) + -1 + (g - 49)?
3, 7, 31
Let a(q) be the third derivative of q**5/60 - 6*q**2. Let m be a(-2). Suppose m*b - 332 = -4*c, 0*b - 103 = -c + 3*b. What are the prime factors of c?
2, 11
Suppose 0 = 5*j + 61 + 34. Let t = j + 324. List the prime factors of t.
5, 61
Let g = 484 - 457. Suppose -9897 - 984 = -g*r. What are the prime factors of r?
13, 31
Let g be (15/(-10))/((-6)/(-32)). Let f(c) = -20*c - 17. Let q be f(g). Let p = 235 - q. What are the prime factors of p?
2, 23
Let d = -12545 + 34881. What are the prime factors of d?
2, 349
Let d = -36 - -68. Let j = d - 52. List the prime factors of (72/(-5))/(((-24)/j)/(-6)).
2, 3
Suppose 2*y = 656 + 424. Let o = y - 30. What are the prime factors of o?
2, 3, 5, 17
Suppose 5*n - 2*w - 66 = 0, 0 = 4*n - 3*n - 3*w - 8. Let k = 110 - n. What are the prime factors of k?
2, 3
Suppose -26*p + 37*p = 49*p - 883310. List the prime factors of p.
5, 4649
Let v = 15 - 19. Let z be 2/(-5) + (129/(-15) - v). List the prime factors of (0 + -4 + 3 - 0)*z.
5
Suppose 286021 - 26512 = 23*h. What are the prime factors of h?
3, 3761
Suppose 23*a - 17*a = -7764. Let z = a - -2350. List the prime factors of z.
2, 3, 11
Suppose -p - 5 = 3*r, p + 2*p + 6 = 0. Let u(b) = -2*b**2 - 1. Let n be u(r). Let y(w) = -9*w**3 + 3*w**2 + 4*w + 3. What are the prime factors of y(n)?
3, 29
Let f = 5737 - -30072. What are the prime factors of f?
35809
Let v = 